n + 48, o*n - 36 = n - 5*i. What are the prime factors of n?
3, 7
Suppose 0 = 24*k - 3*k - 1701. What are the prime factors of k?
3
Let d = -28 - -31. List the prime factors of d.
3
Let a(x) = x + 4. Let g be a(-4). Suppose 0 = 2*s - g*s. Let v = s - -8. List the prime factors of v.
2
Let s(r) = 13*r - 1. Let v be 5*((-42)/(-15) + 0). Suppose -4*w - u = 1, -3*w = -3*u - 4 - v. List the prime factors of s(w).
2, 3
Suppose 0 = 4*n + 3*k + 55, 3*k = 2*n + 2*k + 15. Suppose 0 = -4*v + 3*m + 103, -7 = -v - m - 2*m. Let z = n + v. List the prime factors of z.
2, 3
Let f(d) = -d - 14. Let x(b) = -b - 4. Let p be x(-6). Let m(k) = -5*k - 57. Let u(o) = p*m(o) - 9*f(o). What are the prime factors of u(0)?
2, 3
Suppose 5*a - 3*g - 483 - 198 = 0, -a = 4*g - 150. What are the prime factors of a?
2, 3, 23
Let p(q) be the second derivative of -q**7/2520 - q**6/720 + q**5/8 - q**4/4 - 2*q. Let z(f) be the third derivative of p(f). List the prime factors of z(0).
3, 5
Suppose 0 = -3*b - b. Suppose b = -5*f - 0 - 5. Let l = f + 3. What are the prime factors of l?
2
Suppose -117 = -2*z + 5*d, 0 = d - 2*d + 3. Let h = z - 33. List the prime factors of h.
3, 11
Let m(f) = f**3 - 3*f**2 + 3*f. Let s be m(2). Suppose s*x - 59 + 23 = 0. Let i = 32 - x. What are the prime factors of i?
2, 7
Let w(o) = -71*o**3 - o**2 - o + 1. What are the prime factors of w(-1)?
2, 3
List the prime factors of -1 + 4 - -30 - 2.
31
Suppose 5*t - 3*t - 3*p = -17, -t + 2*p = 9. Let m be 26*(-3 + (-5)/(-2)). Let d = t - m. List the prime factors of d.
2, 3
Let s = -62 - -162. Suppose 0 = -3*b + 5*p + 119, 0 = 4*b + 4*p - s - 16. List the prime factors of b.
3, 11
What are the prime factors of -2*4*(-22)/4?
2, 11
Let g be -9 + (-1 - -1) + 0. Let w(i) = -i**3 - 8*i**2 + 8*i - 6. Let c be w(g). Suppose r - c*j = j + 29, 2*j + 37 = 3*r. What are the prime factors of r?
3
Let i be 11*(1 - 2)*-1. Let d = i - 4. What are the prime factors of d?
7
Suppose -2*x - 3*c = -7*x - 2, x = 3*c + 2. Let r = 1 + x. Suppose r = 2*n + 2*n - 16, -5*m = -5*n - 50. What are the prime factors of m?
2, 7
Suppose 4*i + 3*s = 693, -i + 3*s - 870 = -6*i. List the prime factors of i.
3, 59
Let v = -17 + 29. Suppose 18 = 4*z - 14. Suppose v = 5*f - z. List the prime factors of f.
2
Suppose -x - 3*x = -g + 21, -3*x = 5*g + 10. Suppose -4*k + 3 = -g. Let r(o) = 10*o**3 + 1. List the prime factors of r(k).
11
Let q = -10 - -74. Suppose -83 = -3*z + q. List the prime factors of z.
7
Suppose -32*y = -24*y - 680. What are the prime factors of y?
5, 17
Let d be 1*-22*3/6. Let x be (0 - (-2 - -3))*d. Suppose 3*p - 4*i - 37 = 0, x = 2*p + 4*i - 27. List the prime factors of p.
3, 5
Suppose 0*q + 2*q - 8 = 0, 5*q = 5*j - 25. List the prime factors of (-22)/6*j/(-3).
11
Let t be 74/8 - 6/(-8). Let r = t - 7. Suppose 0 = -4*b - a + 14, -r*a - 2*a = -b - 7. List the prime factors of b.
3
Suppose z = w + 5, 3*w + 4*z = 5*z - 9. Let t = w + -3. List the prime factors of ((-4)/(-6))/(t/(-105)).
2, 7
Let m(y) = -25*y - 4. What are the prime factors of m(-11)?
271
Let m = -34 - -60. What are the prime factors of m?
2, 13
Let z(r) be the third derivative of r**6/120 - 7*r**5/30 + 13*r**4/24 + r**3/6 - 3*r**2. Let n be z(13). Let k(m) = 3*m - 1. What are the prime factors of k(n)?
2
Let o(b) be the second derivative of b**5/20 - 3*b**4/4 - b**3 - 5*b**2 - 2*b. What are the prime factors of o(10)?
2, 3, 5
Suppose 8*l = -10 + 58. What are the prime factors of l?
2, 3
What are the prime factors of (-12)/(-3) - (-35 - 6)?
3, 5
Suppose 2*v = 2*x - 6 - 74, -2*v = 3*x - 120. What are the prime factors of 6/(-5)*x/(-3)?
2
Let l(q) be the second derivative of -q**4/12 + 7*q**3/6 - 2*q**2 + 2*q. Let h = 1 + 2. List the prime factors of l(h).
2
Let s(g) = -g**3 - g**2 + g. Let d(n) = -3 + 4*n**3 + 8 + 0*n**2 - 6*n**2 + 5*n. Let v(c) = d(c) + 3*s(c). What are the prime factors of v(8)?
5
Let p(x) = 2*x + 4. Suppose 1 = -2*k + 2*j + 11, 15 = 3*k - j. Let v be p(k). List the prime factors of 4/v + (-82)/(-7).
2, 3
Let l(c) = -c**2 + 9*c - 4. Let b = 10 - 5. What are the prime factors of l(b)?
2
Let d(n) = 7*n - 14. What are the prime factors of d(5)?
3, 7
Suppose 3*a = -2*v + 713, 3*v + a + 2*a - 1071 = 0. What are the prime factors of v?
2, 179
Let i(f) = f**3 + 7*f**2 + 5*f - 4. Let l(a) = 3*a. Let g be l(-2). Let n be i(g). List the prime factors of n*(1 - 2)*-6.
2, 3
Suppose -1 = 4*v + 7. What are the prime factors of (-2 + v)/(1/(-2))?
2
What are the prime factors of 2/(-4)*(-1104)/12?
2, 23
Let y(o) = o**3 - 10*o**2 + 18*o + 8. List the prime factors of y(8).
2, 3
Let s(g) = -g**3 - 4*g**2 + 8*g - 1. List the prime factors of s(-6).
23
Let r(j) = j**3 + 5*j**2 - 6*j + 2. Let v be r(-6). List the prime factors of 1/v - 22/(-4).
2, 3
Let x(s) = 29*s - 38. List the prime factors of x(12).
2, 5, 31
Let a = -31 - -48. List the prime factors of a.
17
Let b be ((-1)/1 - -2)*7. Suppose l = 4*a - 27, 4*a - 6*l = -l + b. List the prime factors of a*(-1)/4*-6.
2, 3
Let k be (4 + -1)/(-6)*-2. Let y(s) = 0 - 2*s + 1 + 0*s + 3*s**3. List the prime factors of y(k).
2
Let s(m) = -2*m**3 - 7*m**2 - 9. Let o(r) = r**3 + 4*r**2 + 4. Let p(q) = 7*o(q) + 3*s(q). Let k be p(-7). List the prime factors of (k - -12)/(2/2).
13
Suppose f = -5*o - 0*o - 20, -25 = 5*o. Suppose -4*w - 3*u = 0, -f = -2*w + 3*w + 2*u. List the prime factors of w.
3
Let t(y) = y**3 - 7*y**2 - 13*y + 2. Let o be t(9). Let q = o + -13. List the prime factors of q.
2, 17
Let d = 33 - -17. What are the prime factors of 260/d*(-5)/(-2)?
13
Suppose -20 = -3*u - u. Suppose -4*f + 4*g + 36 = f, 2*f = -5*g - 12. Suppose -z = 4*r - 23, -4*r + u*r - 3*z = -f. What are the prime factors of r?
5
Let a(r) = -r**2 - 7*r + 2. Let t be a(-7). Let b be (t - 3) + (20 - -1). Suppose -19 - b = -3*q. What are the prime factors of q?
13
Let w(q) = q**3 - 13*q**2 + 19*q - 25. What are the prime factors of w(12)?
59
Let b(x) = -x**2 + 13*x - 6. Let q be b(5). Let o be q*(1 - 3)/(-2). Suppose 0*h - 5*h + o = 4*c, -3*c = 4*h - 27. What are the prime factors of h?
2, 3
Let l(o) = -3*o - 3. Let r be l(-3). List the prime factors of r/(-27) - (-40)/18.
2
Let r(b) be the second derivative of -b**3/6 + 10*b**2 + 2*b. Suppose -4*z - m + 34 = -2*m, 5*z + 2*m - 49 = 0. What are the prime factors of r(z)?
11
Let b = -1 - -5. Let z be (19/b)/((-2)/(-8)). Let w = z - 10. List the prime factors of w.
3
Let u(b) = -b**2 - 5*b + 4. What are the prime factors of u(-3)?
2, 5
Let t(v) = -v**2 + 7*v - 2. Let p be t(7). Let c be ((-12)/15)/(p/5). Suppose -4 = -c*a + 14. List the prime factors of a.
3
Suppose y = -7 + 72. What are the prime factors of y?
5, 13
Let k = -30 - -125. List the prime factors of k.
5, 19
Let j be 8/(-6)*(-8 - 4). Let i = j + 2. List the prime factors of i.
2, 3
Let g(h) = 4*h**2 - 19*h - 55. List the prime factors of g(-9).
2, 5, 11
Suppose -3 = 4*y + 9. Let b = 4 - y. What are the prime factors of b?
7
Suppose r + r + 6 = 0. Let n be r + (0/2 - 0). What are the prime factors of n/15 - 72/(-10)?
7
Let j = -27 + 45. List the prime factors of j.
2, 3
What are the prime factors of (8/(-2))/(40/(-220))?
2, 11
Suppose -91 - 69 = -5*t. List the prime factors of t.
2
Suppose -218 = -3*y + 121. What are the prime factors of y?
113
Suppose -9 + 3 = -3*w. Suppose 2*f - 6*f = -w*i + 20, 3*i - f = 10. List the prime factors of i.
2
Suppose -5 = -3*i + 2*i. Suppose 4*r + 66 = -y + 6*y, -i*y + 75 = 5*r. What are the prime factors of y?
2, 7
Let a = -12 + 12. Suppose 5*k - l = 119, -4*k = -a*k + 5*l - 101. What are the prime factors of k?
2, 3
Let l(n) = n**3 - 9*n**2 + 5*n - 13. List the prime factors of l(9).
2
Let q(d) = -36*d**3 - 6*d**2 - 5*d. Let p(b) = 35*b**3 + 5*b**2 + 4*b. Let t(v) = -4*p(v) - 3*q(v). What are the prime factors of t(-1)?
31
Let c(w) = -8*w - 3 + 0 + 1 - w**2 + 0. Let u be ((-1)/(-2))/(4/(-48)). List the prime factors of c(u).
2, 5
Suppose 0*f = -f - o + 48, -3*f + 114 = -3*o. Suppose -3*m + 31 = 6*s - s, -m = -5*s + f. What are the prime factors of s?
2
Let p = -15 + 7. Let r be (-3)/(-6)*(1 + 1). List the prime factors of 2 - p - (r + 0).
3
Let y(k) = -k**2 + 7*k + 4. Let f be y(6). Suppose b + f = 41. What are the prime factors of b?
31
Suppose 0*j - 2*j = 0. Let i = 10 + j. List the prime fact